{"id":72,"date":"2009-08-16T22:57:28","date_gmt":"2009-08-16T20:57:28","guid":{"rendered":"http:\/\/localhost\/oik\/?page_id=72"},"modified":"2026-04-14T14:31:53","modified_gmt":"2026-04-14T12:31:53","slug":"program_pomocy","status":"publish","type":"page","link":"https:\/\/oiktomaszow.pl\/?page_id=72","title":{"rendered":"Realizowane lub wsp\u00f3\u0142realizowane programy"},"content":{"rendered":"<p>Program profilaktyczny maj\u0105cy na celu udzielanie specjalistycznej pomocy zw\u0142aszcza w zakresie promowania i wdra\u017cania prawid\u0142owych metod wychowawczych w stosunku do dzieci w rodzinach zagro\u017conych przemoc\u0105 w rodzinie w powiecie tomaszowskim pn. \u201eProgram wsparcia rodzin dotkni\u0119tych i zagro\u017conych przemoc\u0105 w rodzinie na lata 2021-2025\u201d (<a href=\"https:\/\/sptomaszowlubelski.bip.lubelskie.pl\/index.php?id=64&amp;p1=szczegoly&amp;p2=1647705\" target=\"_blank\" rel=\"noopener noreferrer\">Uchwa\u0142a Nr XXII\/247\/2021 Rady Powiatu w Tomaszowie Lubelskim z dnia 10 czerwca 2021 r. w sprawie przyj\u0119cia \u201eProgramu wsparcia rodzin dotkni\u0119tych i zagro\u017conych przemoc\u0105 w rodzinie na lata 2021-2025\u201d<\/a>): <a href=\"http:\/\/oiktomaszow.pl\/wp-content\/uploads\/2022\/01\/progrm.Program.wsparcia.rodzin.OIK-10czerwiec2021r..doc\" target=\"_blank\" rel=\"noopener noreferrer\">program.doc<\/a><\/p>\n<p style=\"text-align: justify;\"><a href=\"https:\/\/sptomaszowlubelski.bip.lubelskie.pl\/index.php?id=64&amp;p1=szczegoly&amp;p2=1624389\" target=\"_blank\" rel=\"noopener noreferrer\">Program przeciwdzia\u0142ania przemocy w rodzinie oraz ochrony ofiar przemocy w rodzinie w powiecie tomaszowskim na lata 2021-2025 (uchwa\u0142a Nr XXI\/243\/2021 Rady Powiatu w Tomaszowie Lub. z dnia 15 kwietnia 2021 roku w sprawie przyj\u0119cia programu przeciwdzia\u0142ania przemocy w rodzinie oraz ochrony ofiar przemocy w rodzinie w powiecie tomaszowskim na lata 2021-2025): <\/a><a href=\"http:\/\/oiktomaszow.pl\/wp-content\/uploads\/2022\/01\/PPPPwR_2021-wraz-z-uchwala-nr-XXI_243_2021.docx\" target=\"_blank\" rel=\"noopener noreferrer\">program.doc<\/a><\/p>\n<p><a href=\"https:\/\/sptomaszowlubelski.bip.lubelskie.pl\/upload\/pliki\/l.535.program.przemocy.763905dc-7413-45d8-b2af-41e1bcd063b4.pdf\">UCHWA\u0141A NR L\/535\/2024 RADY POWIATU W TOMASZOWIE LUBELSKIM z dnia 20 marca 2024 r. zmieniaj\u0105ca uchwa\u0142\u0119 w sprawie przyj\u0119cia \u201eProgramu przeciwdzia\u0142ania przemocy w rodzinie oraz ochrony ofiar przemocy w rodzinie w powiecie tomaszowskim na lata 2021-2025:<\/a> <a href=\"http:\/\/oiktomaszow.pl\/wp-content\/uploads\/2024\/05\/uchwala-rady-powiatu.docx\">uchwa\u0142a.doc<\/a><\/p>\n<p><a href=\"http:\/\/oiktomaszow.pl\/wp-content\/uploads\/2026\/04\/Program-oddzialywan-korekcyjno-edukacyjnych-dla-osob-stosujacych-przemoc-domowa-na-lata-2026-2030.pdf\">Program oddzia\u0142ywa\u0144 korekcyjno-edukacyjnych dla os\u00f3b stosuj\u0105cych przemoc domow\u0105 na lata 2026-2030<\/a><\/p>\n<p><a href=\"http:\/\/oiktomaszow.pl\/wp-content\/uploads\/2026\/04\/\u201eProgram-przeciwdzialania-przemocy-domowej-oraz-ochrony-osob-doznajacych-przemocy-domowej-w-powiecie-tomaszowskim-na-lata-2026-2030.pdf\">\u201eProgram przeciwdzia\u0142ania przemocy domowej oraz ochrony os\u00f3b doznaj\u0105cych przemocy domowej w powiecie tomaszowskim na lata 2026 &#8211; 2030\u201d<\/a><\/p>\n","protected":false},"excerpt":{"rendered":"<p>Program profilaktyczny maj\u0105cy na celu udzielanie specjalistycznej pomocy zw\u0142aszcza w zakresie promowania i wdra\u017cania prawid\u0142owych metod wychowawczych w stosunku do dzieci w rodzinach zagro\u017conych przemoc\u0105 w rodzinie w powiecie tomaszowskim pn. \u201eProgram wsparcia rodzin dotkni\u0119tych i zagro\u017conych przemoc\u0105 w rodzinie na lata 2021-2025\u201d (Uchwa\u0142a Nr XXII\/247\/2021 Rady Powiatu w Tomaszowie Lubelskim z dnia 10 czerwca &#8230; <a title=\"Realizowane lub wsp\u00f3\u0142realizowane programy\" class=\"read-more\" href=\"https:\/\/oiktomaszow.pl\/?page_id=72\" aria-label=\"Dowiedz si\u0119 wi\u0119cej o Realizowane lub wsp\u00f3\u0142realizowane programy\">Dowiedz si\u0119 wi\u0119cej<\/a><\/p>\n","protected":false},"author":1,"featured_media":0,"parent":0,"menu_order":0,"comment_status":"closed","ping_status":"open","template":"","meta":{"_monsterinsights_skip_tracking":false,"_monsterinsights_sitenote_active":false,"_monsterinsights_sitenote_note":"","_monsterinsights_sitenote_category":0,"footnotes":""},"class_list":["post-72","page","type-page","status-publish"],"aioseo_notices":[],"_links":{"self":[{"href":"https:\/\/oiktomaszow.pl\/index.php?rest_route=\/wp\/v2\/pages\/72","targetHints":{"allow":["GET"]}}],"collection":[{"href":"https:\/\/oiktomaszow.pl\/index.php?rest_route=\/wp\/v2\/pages"}],"about":[{"href":"https:\/\/oiktomaszow.pl\/index.php?rest_route=\/wp\/v2\/types\/page"}],"author":[{"embeddable":true,"href":"https:\/\/oiktomaszow.pl\/index.php?rest_route=\/wp\/v2\/users\/1"}],"replies":[{"embeddable":true,"href":"https:\/\/oiktomaszow.pl\/index.php?rest_route=%2Fwp%2Fv2%2Fcomments&post=72"}],"version-history":[{"count":27,"href":"https:\/\/oiktomaszow.pl\/index.php?rest_route=\/wp\/v2\/pages\/72\/revisions"}],"predecessor-version":[{"id":2792,"href":"https:\/\/oiktomaszow.pl\/index.php?rest_route=\/wp\/v2\/pages\/72\/revisions\/2792"}],"wp:attachment":[{"href":"https:\/\/oiktomaszow.pl\/index.php?rest_route=%2Fwp%2Fv2%2Fmedia&parent=72"}],"curies":[{"name":"wp","href":"https:\/\/api.w.org\/{rel}","templated":true}]}}